{"id":3986,"date":"2024-03-03T15:50:30","date_gmt":"2024-03-03T15:50:30","guid":{"rendered":"https:\/\/concernedcitizens.ro\/?page_id=3986"},"modified":"2024-03-13T19:28:23","modified_gmt":"2024-03-13T19:28:23","slug":"proiectul-media-regresiva-maghiara-din-romania","status":"publish","type":"page","link":"https:\/\/concernedcitizens.ro\/?page_id=3986&lang=ro","title":{"rendered":"Programul &#8220;Media regresiv\u0103 maghiar\u0103 din Rom\u00e2nia&#8221;"},"content":{"rendered":"\n<p>Grupul civic Concerned Citizens va lansa \u00een 2024 programul \u201eMedia regresiv\u0103 maghiar\u0103 din Rom\u00e2nia\u201d.<\/p>\n\n\n\n<p>Mass-media este un motor important pentru purificarea vie\u021bii publice. Prin urmare, este esen\u021bial s\u0103 monitoriz\u0103m activitatea presei.<\/p>\n\n\n\n<p>Conflictul dintre segmentul presei maghiare din Rom\u00e2nia influen\u021bat de guvernul maghiar \u0219i &#8220;Sistemul de Cooperare Na\u021bional\u0103&#8221; din Ungaria (cunoscut sub acronimul NER \u00een limba maghiar\u0103) \u0219i media care se autointituleaz\u0103 independent\u0103 \u00een cadrul comunit\u0103\u021bii maghiare din Rom\u00e2nia este un fenomen bine cunoscut.<\/p>\n\n\n\n<p>Un fapt mai pu\u021bin discutat este c\u0103, de mult timp, UDMR (Uniunea Democrat\u0103 a Maghiarilor din Rom\u00e2nia) men\u021bine o \u00eentreag\u0103 re\u021bea de media finan\u021bta din banii contribuabililor rom\u00e2ni, \u0219i, din p\u0103cate, adesea consider\u0103 televiziunea \u0219i radioul public din Rom\u00e2nia ca un purt\u0103tor de cuv\u00e2nt al UDMR.<\/p>\n\n\n\n<p>\u00cen plus, \u00een mass media maghiar\u0103 din Rom\u00e2nia s-a dezvoltat o ierarhie nes\u0103n\u0103toas\u0103. Media care se consider\u0103 independent\u0103 prive\u0219te de sus, pe nedrept, mediile influen\u021bate de &#8220;Sistemul de Cooperare Na\u021bional\u0103&#8221; din Ungaria (cunoscut sub acronimul NER \u00een limba maghiar\u0103), \u00een timp ce pe aceste platforme de media care se consider\u0103 independente se pot citi adesea articole care au pu\u021bin\u0103 sau deloc relevan\u021b\u0103 pentru comunitatea maghiar\u0103 din Rom\u00e2nia. Atunci c\u00e2nd un organ de pres\u0103 maghiar\u0103, care se consider\u0103 independent, din Rom\u00e2nia particip\u0103 ca partener \u00een proiecte interna\u021bionale, este frecvent s\u0103 vedem articole de investiga\u021bie care con\u021bin exclusiv critici la adresa Fidesz, examin\u00e2nd influen\u021ba Fidesz asupra comunit\u0103\u021bilor locale, \u0219i rar se g\u0103sesc subiecte mult mai relevante pentru comunitatea etnic\u0103 maghiar\u0103 din Rom\u00e2nia.<\/p>\n\n\n\n<p>Programul \u201eMedia regresiv\u0103 maghiar\u0103 din Rom\u00e2nia\u201d \u00ee\u0219i propune s\u0103 motiveze actorii din mass-media maghiar\u0103 din Rom\u00e2nia s\u0103 se axeze mai mult pe producerea unor articole progresiste, relevante pentru comunitate, care s\u0103 promoveze g\u00e2ndirea critic\u0103 \u0219i s\u0103 ofere alternative constructive \u00een loc de a se concentra exclusiv asupra lament\u0103rilor negative \u0219i a criticii toxice aduse comunit\u0103\u021bii. Av\u00e2nd \u00een vedere c\u0103 vorbim despre produse media create \u00eentr-o limb\u0103 minoritar\u0103, pentru o comunitate minoritar\u0103, este crucial ca aspectele majoritate-minoritate s\u0103 fie eviden\u021biate sub umbrela progresivit\u0103\u021bii. Adev\u0103rata media progresiv\u0103 abordeaz\u0103 teme care vizeaz\u0103 consolidarea democra\u021biei \u0219i a statului de drept, cum ar fi egalitatea de \u0219anse, incluziunea, drepturile omului \u0219i ale minorit\u0103\u021bilor, sensibilitatea fa\u021b\u0103 de grupurile vulnerabile, situa\u021bia femeilor, independen\u021ba politic\u0103, societatea civil\u0103, curajul civic, nediscriminarea, con\u0219tientizarea juridic\u0103, non-violen\u021ba, schimb\u0103rile climatice, impactul schimb\u0103rilor climatice asupra comunit\u0103\u021bilor minoritare, rela\u021bia dintre majoritate \u0219i minoritate, lupta \u00eempotriva corup\u021biei, drepturile copiilor, egalitatea de gen, lipsa prejudec\u0103\u021bilor. Aceste teme sunt vitale \u00eentr-un organ de pres\u0103 progresist \u0219i liber, \u0219i, din p\u0103cate, presa maghiar\u0103 din Rom\u00e2nia se concentreaz\u0103 adesea pe subiecte precum Viktor Orb\u00e1n, Fidesz \u0219i evenimentele politice interne din \u021b\u0103rile vecine. \u00cen acela\u0219i timp, multe subiecte care afecteaz\u0103 direct via\u021ba comunit\u0103\u021bii ar putea fi abordate, oferind numeroase oportunit\u0103\u021bi de finan\u021bare pentru o entitate media care func\u021bioneaz\u0103 \u00eentr-o \u021bar\u0103 membr\u0103 a Uniunii Europene. Scopul programului nostru este s\u0103 creasc\u0103 num\u0103rul de articole care abordeaz\u0103 teme relevante pentru comunitate \u0219i s\u0103 acorde o aten\u021bie sporit\u0103 tematicilor legate de minorit\u0103\u021bile na\u021bionale, cum ar fi nediscriminarea, drepturile omului, drepturile minorit\u0103\u021bilor, drepturile lingvistice, egalitatea de \u0219anse \u0219i incluziunea \u0219i ca aceste subiecte s\u0103 fie prezentate mult mai proeminent \u0219i profesionist.<\/p>\n\n\n\n<p>Programul nostru, care analizeaz\u0103 \u0219i comenteaz\u0103 materialele publicate \u00een presa maghiar\u0103 din Rom\u00e2nia din aceste perspective, are, de asemenea, scopul de a contribui la crearea de articole \u00een media maghiar\u0103 din Rom\u00e2nia care s\u0103 promoveze procesul de purificare a vie\u021bii publice.<\/p>\n\n\n\n<p>2024 este un an electoral foarte important, iar ar fi esen\u021bial s\u0103 se abordeze teme publice care s\u0103 reduc\u0103 anomaliile generate de sistemul unipartid din comunitatea maghiar\u0103 din Rom\u00e2nia. Ne temem c\u0103, \u00een schimb, vom citi \u00een presa maghiar\u0103 din Rom\u00e2nia mantra binecunoscut\u0103 a UDMR, potrivit c\u0103reia, \u00een cazul \u00een care membrii comunit\u0103\u021bii maghiare nu vor vota UDMR, to\u021bi vom muri. Cu toate acestea, am dori s\u0103 citim analize care examineaz\u0103 activitatea \u0219i eficacitatea oficialilor UDMR \u00een diferite pozi\u021bii cheie \u00een ultima perioad\u0103, datorit\u0103 voturilor cet\u0103\u021benilor.<\/p>\n\n\n\n<p>\u00cen cadrul programului, desf\u0103\u0219ur\u0103m activit\u0103\u021bi de monitorizare media \u0219i select\u0103m regulat articole pe care le analiz\u0103m \u0219i coment\u0103m, eviden\u021biind lipsurile tipice, stereotipurile d\u0103un\u0103toare, anomaliile \u0219i omisiunile.<\/p>\n","protected":false},"excerpt":{"rendered":"<p>Grupul civic Concerned Citizens va lansa \u00een 2024 programul \u201eMedia regresiv\u0103 maghiar\u0103 din Rom\u00e2nia\u201d. Mass-media este un motor important pentru purificarea vie\u021bii publice. Prin urmare, este esen\u021bial s\u0103 monitoriz\u0103m activitatea presei. Conflictul dintre segmentul presei maghiare din Rom\u00e2nia influen\u021bat de guvernul maghiar \u0219i &#8220;Sistemul de Cooperare Na\u021bional\u0103&#8221; din Ungaria (cunoscut sub acronimul NER \u00een limba [&hellip;]<\/p>\n","protected":false},"author":1,"featured_media":0,"parent":0,"menu_order":0,"comment_status":"closed","ping_status":"closed","template":"","meta":{"_uag_custom_page_level_css":"","footnotes":""},"class_list":["post-3986","page","type-page","status-publish","hentry"],"yoast_head":"<!-- This site is optimized with the Yoast SEO plugin v22.3 - https:\/\/yoast.com\/wordpress\/plugins\/seo\/ -->\n<title>Programul &quot;Media regresiv\u0103 maghiar\u0103 din Rom\u00e2nia&quot; - Concerned Citizens csoport<\/title>\n<meta name=\"robots\" content=\"index, follow, max-snippet:-1, max-image-preview:large, max-video-preview:-1\" \/>\n<link rel=\"canonical\" href=\"https:\/\/concernedcitizens.ro\/?page_id=3986&lang=ro\" \/>\n<meta property=\"og:locale\" content=\"en_US\" \/>\n<meta property=\"og:type\" content=\"article\" \/>\n<meta property=\"og:title\" content=\"Programul &quot;Media regresiv\u0103 maghiar\u0103 din Rom\u00e2nia&quot; - Concerned Citizens csoport\" \/>\n<meta property=\"og:description\" content=\"Grupul civic Concerned Citizens va lansa \u00een 2024 programul \u201eMedia regresiv\u0103 maghiar\u0103 din Rom\u00e2nia\u201d. Mass-media este un motor important pentru purificarea vie\u021bii publice. Prin urmare, este esen\u021bial s\u0103 monitoriz\u0103m activitatea presei. Conflictul dintre segmentul presei maghiare din Rom\u00e2nia influen\u021bat de guvernul maghiar \u0219i &#8220;Sistemul de Cooperare Na\u021bional\u0103&#8221; din Ungaria (cunoscut sub acronimul NER \u00een limba [&hellip;]\" \/>\n<meta property=\"og:url\" content=\"https:\/\/concernedcitizens.ro\/?page_id=3986&amp;lang=ro\" \/>\n<meta property=\"og:site_name\" content=\"Concerned Citizens csoport\" \/>\n<meta property=\"article:modified_time\" content=\"2024-03-13T19:28:23+00:00\" \/>\n<meta name=\"twitter:card\" content=\"summary_large_image\" \/>\n<meta name=\"twitter:label1\" content=\"Est. reading time\" \/>\n\t<meta name=\"twitter:data1\" content=\"3 minutes\" \/>\n<!-- \/ Yoast SEO plugin. -->","yoast_head_json":{"title":"Programul \"Media regresiv\u0103 maghiar\u0103 din Rom\u00e2nia\" - Concerned Citizens csoport","robots":{"index":"index","follow":"follow","max-snippet":"max-snippet:-1","max-image-preview":"max-image-preview:large","max-video-preview":"max-video-preview:-1"},"canonical":"https:\/\/concernedcitizens.ro\/?page_id=3986&lang=ro","og_locale":"en_US","og_type":"article","og_title":"Programul \"Media regresiv\u0103 maghiar\u0103 din Rom\u00e2nia\" - Concerned Citizens csoport","og_description":"Grupul civic Concerned Citizens va lansa \u00een 2024 programul \u201eMedia regresiv\u0103 maghiar\u0103 din Rom\u00e2nia\u201d. Mass-media este un motor important pentru purificarea vie\u021bii publice. Prin urmare, este esen\u021bial s\u0103 monitoriz\u0103m activitatea presei. Conflictul dintre segmentul presei maghiare din Rom\u00e2nia influen\u021bat de guvernul maghiar \u0219i &#8220;Sistemul de Cooperare Na\u021bional\u0103&#8221; din Ungaria (cunoscut sub acronimul NER \u00een limba [&hellip;]","og_url":"https:\/\/concernedcitizens.ro\/?page_id=3986&lang=ro","og_site_name":"Concerned Citizens csoport","article_modified_time":"2024-03-13T19:28:23+00:00","twitter_card":"summary_large_image","twitter_misc":{"Est. reading time":"3 minutes"},"schema":{"@context":"https:\/\/schema.org","@graph":[{"@type":"WebPage","@id":"https:\/\/concernedcitizens.ro\/?page_id=3986&lang=ro","url":"https:\/\/concernedcitizens.ro\/?page_id=3986&lang=ro","name":"Programul \"Media regresiv\u0103 maghiar\u0103 din Rom\u00e2nia\" - Concerned Citizens csoport","isPartOf":{"@id":"https:\/\/concernedcitizens.ro\/#website"},"datePublished":"2024-03-03T15:50:30+00:00","dateModified":"2024-03-13T19:28:23+00:00","breadcrumb":{"@id":"https:\/\/concernedcitizens.ro\/?page_id=3986&lang=ro#breadcrumb"},"inLanguage":"en-US","potentialAction":[{"@type":"ReadAction","target":["https:\/\/concernedcitizens.ro\/?page_id=3986&lang=ro"]}]},{"@type":"BreadcrumbList","@id":"https:\/\/concernedcitizens.ro\/?page_id=3986&lang=ro#breadcrumb","itemListElement":[{"@type":"ListItem","position":1,"name":"Home","item":"https:\/\/concernedcitizens.ro\/"},{"@type":"ListItem","position":2,"name":"Programul &#8220;Media regresiv\u0103 maghiar\u0103 din Rom\u00e2nia&#8221;"}]},{"@type":"WebSite","@id":"https:\/\/concernedcitizens.ro\/#website","url":"https:\/\/concernedcitizens.ro\/","name":"Concerned Citizens csoport","description":"","publisher":{"@id":"https:\/\/concernedcitizens.ro\/#organization"},"potentialAction":[{"@type":"SearchAction","target":{"@type":"EntryPoint","urlTemplate":"https:\/\/concernedcitizens.ro\/?s={search_term_string}"},"query-input":"required name=search_term_string"}],"inLanguage":"en-US"},{"@type":"Organization","@id":"https:\/\/concernedcitizens.ro\/#organization","name":"Concerned Citizens csoport","url":"https:\/\/concernedcitizens.ro\/","logo":{"@type":"ImageObject","inLanguage":"en-US","@id":"https:\/\/concernedcitizens.ro\/#\/schema\/logo\/image\/","url":"https:\/\/concernedcitizens.ro\/wp-content\/uploads\/2024\/02\/concerned_citizens-1.webp","contentUrl":"https:\/\/concernedcitizens.ro\/wp-content\/uploads\/2024\/02\/concerned_citizens-1.webp","width":589,"height":616,"caption":"Concerned Citizens csoport"},"image":{"@id":"https:\/\/concernedcitizens.ro\/#\/schema\/logo\/image\/"}}]}},"uagb_featured_image_src":{"full":false,"thumbnail":false,"medium":false,"medium_large":false,"large":false,"1536x1536":false,"2048x2048":false},"uagb_author_info":{"display_name":"Concerned Citizens","author_link":"https:\/\/concernedcitizens.ro\/?author=1"},"uagb_comment_info":0,"uagb_excerpt":"Grupul civic Concerned Citizens va lansa \u00een 2024 programul \u201eMedia regresiv\u0103 maghiar\u0103 din Rom\u00e2nia\u201d. Mass-media este un motor important pentru purificarea vie\u021bii publice. Prin urmare, este esen\u021bial s\u0103 monitoriz\u0103m activitatea presei. Conflictul dintre segmentul presei maghiare din Rom\u00e2nia influen\u021bat de guvernul maghiar \u0219i &#8220;Sistemul de Cooperare Na\u021bional\u0103&#8221; din Ungaria (cunoscut sub acronimul NER \u00een limba&hellip;","_links":{"self":[{"href":"https:\/\/concernedcitizens.ro\/index.php?rest_route=\/wp\/v2\/pages\/3986","targetHints":{"allow":["GET"]}}],"collection":[{"href":"https:\/\/concernedcitizens.ro\/index.php?rest_route=\/wp\/v2\/pages"}],"about":[{"href":"https:\/\/concernedcitizens.ro\/index.php?rest_route=\/wp\/v2\/types\/page"}],"author":[{"embeddable":true,"href":"https:\/\/concernedcitizens.ro\/index.php?rest_route=\/wp\/v2\/users\/1"}],"replies":[{"embeddable":true,"href":"https:\/\/concernedcitizens.ro\/index.php?rest_route=%2Fwp%2Fv2%2Fcomments&post=3986"}],"version-history":[{"count":3,"href":"https:\/\/concernedcitizens.ro\/index.php?rest_route=\/wp\/v2\/pages\/3986\/revisions"}],"predecessor-version":[{"id":5714,"href":"https:\/\/concernedcitizens.ro\/index.php?rest_route=\/wp\/v2\/pages\/3986\/revisions\/5714"}],"wp:attachment":[{"href":"https:\/\/concernedcitizens.ro\/index.php?rest_route=%2Fwp%2Fv2%2Fmedia&parent=3986"}],"curies":[{"name":"wp","href":"https:\/\/api.w.org\/{rel}","templated":true}]}}