{"id":236,"date":"2024-01-14T12:49:13","date_gmt":"2024-01-14T12:49:13","guid":{"rendered":"https:\/\/concernedcitizens.ro\/?page_id=236"},"modified":"2024-03-03T19:37:58","modified_gmt":"2024-03-03T19:37:58","slug":"demokratikus-egypartrendszer","status":"publish","type":"page","link":"https:\/\/concernedcitizens.ro\/?page_id=236","title":{"rendered":"Demokratikus egyp\u00e1rtrendszer"},"content":{"rendered":"\n<div class=\"wp-block-query is-layout-flow wp-block-query-is-layout-flow\"><ul class=\"wp-block-post-template is-layout-flow wp-block-post-template-is-layout-flow\"><li class=\"wp-block-post post-4014 post type-post status-publish format-standard hentry category-demokratikus-egypartrendszer category-tiszta-kozelet\">\n<h2 class=\"wp-block-post-title\"><a href=\"https:\/\/concernedcitizens.ro\/?p=4014\" target=\"_self\" >Felel\u0151ss\u00e9gteljes \u00d6nkorm\u00e1nyz\u00e1s<\/a><\/h2>\n\n\n\n<div class=\"wp-block-post-excerpt\"><p class=\"wp-block-post-excerpt__excerpt\">A \u201eDemokratikus egyp\u00e1rtrendszer\u201d projekten bel\u00fcl a 2024 szuperv\u00e1laszt\u00e1si \u00e9v m\u00e1rcius\u00e1ban elind\u00edtottuk a \u201eFelel\u0151ss\u00e9gteljes \u00d6nkorm\u00e1nyz\u00e1s\u201d projekt\u00fcnket, amelynek c\u00e9lja a demokratikus \u00e9s k\u00f6z\u00f6ss\u00e9gcentrikus \u00f6nkorm\u00e1nyz\u00e1s meger\u0151s\u00edt\u00e9se a rom\u00e1niai magyar k\u00f6z\u00f6ss\u00e9gen bel\u00fcl. A projekt keret\u00e9n bel\u00fcl szeretn\u00e9nk felt\u00e9rk\u00e9pezni, hogy az egyes v\u00e1lasztott k\u00e9pvisel\u0151k mennyire azonosulnak a demokratikus \u00e9rt\u00e9kekkel, mennyire fontosak nekik a k\u00f6z\u00f6ss\u00e9g\u00fck jogai, ezeket mennyire k\u00e9pviselt\u00e9k az elm\u00falt&hellip; <\/p><\/div>\n\n\n<hr class=\"wp-block-separator has-css-opacity\"\/>\n\n\n<div class=\"wp-block-post-date\"><time datetime=\"2024-03-03T17:36:25+00:00\">March 3, 2024<\/time><\/div>\n<\/li><li class=\"wp-block-post post-3947 post type-post status-publish format-standard hentry category-demokratikus-egypartrendszer category-tiszta-kozelet\">\n<h2 class=\"wp-block-post-title\"><a href=\"https:\/\/concernedcitizens.ro\/?p=3947\" target=\"_self\" >Marcel Ciolacu minisztereln\u00f6k &#8220;multietnikus&#8221; kamp\u00e1nya<\/a><\/h2>\n\n\n\n<div class=\"wp-block-post-excerpt\"><p class=\"wp-block-post-excerpt__excerpt\">Marcel Ciolacu, Rom\u00e1nia minisztereln\u00f6ke \u00e9s a PSD eln\u00f6ke a k\u00f6zelm\u00faltban elkezdte az idei szuperv\u00e1laszt\u00e1si \u00e9v kamp\u00e1ny\u00e1t. Elfogadhatatlannak tartjuk \u00e9s egyben el\u00edt\u00e9lj\u00fck, hogy Rom\u00e1nia minisztereln\u00f6ke az Eur\u00f3pai Uni\u00f3s \u00e9s az euroatlanti \u00e9rt\u00e9kekkel szembemen\u0151 diskurzusra \u00e9p\u00edti a kamp\u00e1ny\u00e1t: az erd\u00e9lyi v\u00e1rosokban eddig lezajlott kamp\u00e1nybesz\u00e9deit r\u00e9szben nacionalista \u00fczenetekre \u00e9p\u00edtette. Macel Ciolacu el\u0151sz\u00f6r janu\u00e1r 27-\u00e9n Szatm\u00e1rn\u00e9metiben, majd febru\u00e1r 23-\u00e1n&hellip; <\/p><\/div>\n\n\n<hr class=\"wp-block-separator has-css-opacity\"\/>\n\n\n<div class=\"wp-block-post-date\"><time datetime=\"2024-02-24T15:01:56+00:00\">February 24, 2024<\/time><\/div>\n<\/li><\/ul><\/div>\n","protected":false},"excerpt":{"rendered":"","protected":false},"author":1,"featured_media":0,"parent":0,"menu_order":0,"comment_status":"closed","ping_status":"closed","template":"page-no-title","meta":{"_uag_custom_page_level_css":"","footnotes":""},"class_list":["post-236","page","type-page","status-publish","hentry"],"yoast_head":"<!-- This site is optimized with the Yoast SEO plugin v22.3 - https:\/\/yoast.com\/wordpress\/plugins\/seo\/ -->\n<title>Demokratikus egyp\u00e1rtrendszer - Concerned Citizens csoport<\/title>\n<meta name=\"robots\" content=\"index, follow, max-snippet:-1, max-image-preview:large, max-video-preview:-1\" \/>\n<link rel=\"canonical\" href=\"https:\/\/concernedcitizens.ro\/?page_id=236\" \/>\n<meta property=\"og:locale\" content=\"en_US\" \/>\n<meta property=\"og:type\" content=\"article\" \/>\n<meta property=\"og:title\" content=\"Demokratikus egyp\u00e1rtrendszer - Concerned Citizens csoport\" \/>\n<meta property=\"og:url\" content=\"https:\/\/concernedcitizens.ro\/?page_id=236\" \/>\n<meta property=\"og:site_name\" content=\"Concerned Citizens csoport\" \/>\n<meta property=\"article:modified_time\" content=\"2024-03-03T19:37:58+00:00\" \/>\n<meta name=\"twitter:card\" content=\"summary_large_image\" \/>\n<!-- \/ Yoast SEO plugin. -->","yoast_head_json":{"title":"Demokratikus egyp\u00e1rtrendszer - Concerned Citizens csoport","robots":{"index":"index","follow":"follow","max-snippet":"max-snippet:-1","max-image-preview":"max-image-preview:large","max-video-preview":"max-video-preview:-1"},"canonical":"https:\/\/concernedcitizens.ro\/?page_id=236","og_locale":"en_US","og_type":"article","og_title":"Demokratikus egyp\u00e1rtrendszer - Concerned Citizens csoport","og_url":"https:\/\/concernedcitizens.ro\/?page_id=236","og_site_name":"Concerned Citizens csoport","article_modified_time":"2024-03-03T19:37:58+00:00","twitter_card":"summary_large_image","schema":{"@context":"https:\/\/schema.org","@graph":[{"@type":"WebPage","@id":"https:\/\/concernedcitizens.ro\/?page_id=236","url":"https:\/\/concernedcitizens.ro\/?page_id=236","name":"Demokratikus egyp\u00e1rtrendszer - Concerned Citizens csoport","isPartOf":{"@id":"https:\/\/concernedcitizens.ro\/#website"},"datePublished":"2024-01-14T12:49:13+00:00","dateModified":"2024-03-03T19:37:58+00:00","breadcrumb":{"@id":"https:\/\/concernedcitizens.ro\/?page_id=236#breadcrumb"},"inLanguage":"en-US","potentialAction":[{"@type":"ReadAction","target":["https:\/\/concernedcitizens.ro\/?page_id=236"]}]},{"@type":"BreadcrumbList","@id":"https:\/\/concernedcitizens.ro\/?page_id=236#breadcrumb","itemListElement":[{"@type":"ListItem","position":1,"name":"Home","item":"https:\/\/concernedcitizens.ro\/"},{"@type":"ListItem","position":2,"name":"Demokratikus egyp\u00e1rtrendszer"}]},{"@type":"WebSite","@id":"https:\/\/concernedcitizens.ro\/#website","url":"https:\/\/concernedcitizens.ro\/","name":"Concerned Citizens csoport","description":"","publisher":{"@id":"https:\/\/concernedcitizens.ro\/#organization"},"potentialAction":[{"@type":"SearchAction","target":{"@type":"EntryPoint","urlTemplate":"https:\/\/concernedcitizens.ro\/?s={search_term_string}"},"query-input":"required name=search_term_string"}],"inLanguage":"en-US"},{"@type":"Organization","@id":"https:\/\/concernedcitizens.ro\/#organization","name":"Concerned Citizens csoport","url":"https:\/\/concernedcitizens.ro\/","logo":{"@type":"ImageObject","inLanguage":"en-US","@id":"https:\/\/concernedcitizens.ro\/#\/schema\/logo\/image\/","url":"https:\/\/concernedcitizens.ro\/wp-content\/uploads\/2024\/02\/concerned_citizens-1.webp","contentUrl":"https:\/\/concernedcitizens.ro\/wp-content\/uploads\/2024\/02\/concerned_citizens-1.webp","width":589,"height":616,"caption":"Concerned Citizens csoport"},"image":{"@id":"https:\/\/concernedcitizens.ro\/#\/schema\/logo\/image\/"}}]}},"uagb_featured_image_src":{"full":false,"thumbnail":false,"medium":false,"medium_large":false,"large":false,"1536x1536":false,"2048x2048":false},"uagb_author_info":{"display_name":"Concerned Citizens","author_link":"https:\/\/concernedcitizens.ro\/?author=1"},"uagb_comment_info":0,"uagb_excerpt":null,"_links":{"self":[{"href":"https:\/\/concernedcitizens.ro\/index.php?rest_route=\/wp\/v2\/pages\/236","targetHints":{"allow":["GET"]}}],"collection":[{"href":"https:\/\/concernedcitizens.ro\/index.php?rest_route=\/wp\/v2\/pages"}],"about":[{"href":"https:\/\/concernedcitizens.ro\/index.php?rest_route=\/wp\/v2\/types\/page"}],"author":[{"embeddable":true,"href":"https:\/\/concernedcitizens.ro\/index.php?rest_route=\/wp\/v2\/users\/1"}],"replies":[{"embeddable":true,"href":"https:\/\/concernedcitizens.ro\/index.php?rest_route=%2Fwp%2Fv2%2Fcomments&post=236"}],"version-history":[{"count":2,"href":"https:\/\/concernedcitizens.ro\/index.php?rest_route=\/wp\/v2\/pages\/236\/revisions"}],"predecessor-version":[{"id":4075,"href":"https:\/\/concernedcitizens.ro\/index.php?rest_route=\/wp\/v2\/pages\/236\/revisions\/4075"}],"wp:attachment":[{"href":"https:\/\/concernedcitizens.ro\/index.php?rest_route=%2Fwp%2Fv2%2Fmedia&parent=236"}],"curies":[{"name":"wp","href":"https:\/\/api.w.org\/{rel}","templated":true}]}}

Demokratikus egypártrendszer

<div class="wp-block-query is-layout-flow wp-block-query-is-layout-flow"><ul class="wp-block-post-template is-layout-flow wp-block-post-template-is-layout-flow"><li class="wp-block-post post-4014 post type-post status-publish format-standard hentry category-demokratikus-egypartrendszer category-tiszta-kozelet">
<h2 class="wp-block-post-title"><a href="https://concernedcitizens.ro/?p=4014" target="_self" >Felelősségteljes Önkormányzás</a></h2>



<div class="wp-block-post-excerpt"><p class="wp-block-post-excerpt__excerpt">A „Demokratikus egypártrendszer” projekten belül a 2024 szuperválasztási év márciusában elindítottuk a „Felelősségteljes Önkormányzás” projektünket, amelynek célja a demokratikus és közösségcentrikus önkormányzás megerősítése a romániai magyar közösségen belül. A projekt keretén belül szeretnénk feltérképezni, hogy az egyes választott képviselők mennyire azonosulnak a demokratikus értékekkel, mennyire fontosak nekik a közösségük jogai, ezeket mennyire képviselték az elmúlt&hellip; </p></div>


<hr class="wp-block-separator has-css-opacity"/>


<div class="wp-block-post-date"><time datetime="2024-03-03T17:36:25+00:00">March 3, 2024</time></div>
</li><li class="wp-block-post post-3947 post type-post status-publish format-standard hentry category-demokratikus-egypartrendszer category-tiszta-kozelet">
<h2 class="wp-block-post-title"><a href="https://concernedcitizens.ro/?p=3947" target="_self" >Marcel Ciolacu miniszterelnök &#8220;multietnikus&#8221; kampánya</a></h2>



<div class="wp-block-post-excerpt"><p class="wp-block-post-excerpt__excerpt">Marcel Ciolacu, Románia miniszterelnöke és a PSD elnöke a közelmúltban elkezdte az idei szuperválasztási év kampányát. Elfogadhatatlannak tartjuk és egyben elítéljük, hogy Románia miniszterelnöke az Európai Uniós és az euroatlanti értékekkel szembemenő diskurzusra építi a kampányát: az erdélyi városokban eddig lezajlott kampánybeszédeit részben nacionalista üzenetekre építette. Macel Ciolacu először január 27-én Szatmárnémetiben, majd február 23-án&hellip; </p></div>


<hr class="wp-block-separator has-css-opacity"/>


<div class="wp-block-post-date"><time datetime="2024-02-24T15:01:56+00:00">February 24, 2024</time></div>
</li></ul></div>

<!-- This site is optimized with the Yoast SEO plugin v22.3 - https://yoast.com/wordpress/plugins/seo/ -->
<title>Demokratikus egypártrendszer - Concerned Citizens csoport</title>
<meta name="robots" content="index, follow, max-snippet:-1, max-image-preview:large, max-video-preview:-1" />
<link rel="canonical" href="https://concernedcitizens.ro/?page_id=236" />
<meta property="og:locale" content="en_US" />
<meta property="og:type" content="article" />
<meta property="og:title" content="Demokratikus egypártrendszer - Concerned Citizens csoport" />
<meta property="og:url" content="https://concernedcitizens.ro/?page_id=236" />
<meta property="og:site_name" content="Concerned Citizens csoport" />
<meta property="article:modified_time" content="2024-03-03T19:37:58+00:00" />
<meta name="twitter:card" content="summary_large_image" />
<!-- / Yoast SEO plugin. -->

Demokratikus egypártrendszer - Concerned Citizens csoport
