{"id":234,"date":"2024-01-14T12:48:00","date_gmt":"2024-01-14T12:48:00","guid":{"rendered":"https:\/\/concernedcitizens.ro\/?page_id=234"},"modified":"2024-03-13T19:32:24","modified_gmt":"2024-03-13T19:32:24","slug":"civil-versus-civil-projekt","status":"publish","type":"page","link":"https:\/\/concernedcitizens.ro\/?page_id=234","title":{"rendered":"&#8220;Civil versus Civil&#8221; program"},"content":{"rendered":"\n<p>A &#8220;Civil vs. Civil&#8221; program c\u00e9lja felt\u00e1rni \u00e9s elemezni, hogy milyen m\u00e9rt\u00e9kben j\u00e1rul hozz\u00e1 a rom\u00e1niai magyar civil t\u00e1rsadalom a rom\u00e1niai magyar k\u00f6z\u00f6ss\u00e9g meger\u0151s\u00f6d\u00e9s\u00e9hez \u00e9s \u00e1ltal\u00e1ban a rom\u00e1niai t\u00e1rsadalom demokratiz\u00e1l\u00f3d\u00e1s\u00e1hoz.<\/p>\n\n\n\n<p>A Civil vs. Civil program els\u0151 f\u00e1zis\u00e1ban civil szervezeti tev\u00e9kenys\u00e9geket, projekteket, civil mozgalmakat, akci\u00f3csoportokat, k\u00f6z\u00f6ss\u00e9gfejleszt\u00e9si kezdem\u00e9nyez\u00e9seket szeretn\u00e9nk elemezni azzal a c\u00e9llal, hogy megvizsg\u00e1ljuk, hogy ezek a civil kezdem\u00e9nyez\u00e9sek (ak\u00e1r finansz\u00edrozott, ak\u00e1r \u00f6ner\u0151b\u0151l megval\u00f3s\u00edtott projektek) er\u0151s\u00edtik vagy gyeng\u00edtik a rom\u00e1niai magyar k\u00f6z\u00f6ss\u00e9g demokratiz\u00e1l\u00f3d\u00e1si folyamatait \u00e9s a rom\u00e1niai magyar politikai elit demokratiz\u00e1l\u00f3d\u00e1s\u00e1t.<\/p>\n\n\n\n<p>Elemz\u00e9seink nem hagyhatj\u00e1k figyelmen k\u00edv\u00fcl, hogy a rom\u00e1niai magyar civil t\u00e1rsadalom \u00f3ri\u00e1si forr\u00e1shi\u00e1nnyal k\u00fczd, \u00e9s nagyon er\u0151s f\u00fcgg\u0151s\u00e9gi viszonyban m\u0171k\u00f6dik: egyr\u00e9szt a magyar \u00e1llam \u00e1ltal biztos\u00edtott forr\u00e1sokt\u00f3l, m\u00e1sr\u00e9szt az RMDSZ \u00e1ltal menedzselt Communitas Alap\u00edtv\u00e1ny forr\u00e1sait\u00f3l f\u00fcgg. Az eur\u00f3pai uni\u00f3s projektekhez val\u00f3 hozz\u00e1f\u00e9r\u00e9s els\u0151sorban azoknak a civil szervezeteknek biztos\u00edt forr\u00e1sokat, amelyek int\u00e9zm\u00e9nyes\u00edtetten m\u0171k\u00f6dnek, rendelkeznek egy relat\u00edv stabil p\u00e9nz\u00fcgyi \u00e9s infrastruktur\u00e1lis h\u00e1tt\u00e9rrel.<\/p>\n\n\n\n<p>A program keret\u00e9n bel\u00fcl azt is elemezni fogjuk, hogy kisebbs\u00e9gv\u00e9delmi \u00e9s kisebbs\u00e9gi jog\u00e9rv\u00e9nyes\u00edt\u00e9s \u00e9s \u00e9rdek\u00e9rv\u00e9nyes\u00edt\u00e9s, n\u0151i \u00e9s gyermekjogok v\u00e9delme, fenntarthat\u00f3 fejl\u0151d\u00e9s ter\u00e9n milyen politikaf\u00fcggetlen, grassroots jelleg\u0171 k\u00f6z\u00f6ss\u00e9gi projektek zajlanak, a k\u00fcl\u00f6nb\u00f6z\u0151 t\u00edpus\u00fa jogv\u00e9d\u0151 \u00e9s fenntarthat\u00f3 fejl\u0151d\u00e9st c\u00e9lz\u00f3 civil szerezetek milyen jelleg\u0171 kapcsolatban \u00e1llnak a rom\u00e1niai magyar politikai elittel, \u00e9s milyen \u00e9rdek\u00e9rv\u00e9nyes\u00edt\u0151 er\u0151vel rendelkeznek a rom\u00e1niai k\u00f6zpolitikai int\u00e9zm\u00e9nyekben, \u00e9s milyen nemzetk\u00f6zi \u00e9rdek\u00e9rv\u00e9nyes\u00edt\u0151 projekteket kiviteleznek.<\/p>\n\n\n\n<p>Ezekre az elemz\u00e9sekre az\u00e9rt van sz\u00fcks\u00e9g, mert a rom\u00e1niai magyar k\u00f6z\u00f6ss\u00e9g Eur\u00f3pa egyik legnagyobb kisebbs\u00e9gi k\u00f6z\u00f6ss\u00e9ge, \u00e9s a k\u00f6z\u00f6ss\u00e9g j\u00f6v\u0151j\u00e9t er\u0151teljesen meghat\u00e1rozza a helyi, orsz\u00e1gos \u00e9s nemzetk\u00f6zi \u00e9rdek\u00e9rv\u00e9nyes\u00edt\u0151 ereje. Jelenleg a rom\u00e1niai magyar k\u00f6z\u00f6ss\u00e9g a kisebbs\u00e9gi k\u00f6z\u00f6ss\u00e9gek palett\u00e1j\u00e1n egy ar\u00e1nylag l\u00e1thatatlan helyet foglal el, a k\u00f6z\u00f6ss\u00e9gben egy er\u0151s marginaliz\u00e1l\u00f3d\u00e1si folyamat indult el. Szeretn\u00e9nk meg\u00e9rteni ennek ok\u00e1t, \u00e9s az esetleges v\u00e1ltoz\u00e1s lehet\u0151s\u00e9geit modellezni az emberi jogok \u00e9s a fenntarthat\u00f3 fejl\u0151d\u00e9s szempontj\u00e1b\u00f3l.<\/p>\n\n\n\n<p>A program k\u00e9s\u0151bbi szakasz\u00e1ban elemezni fogjuk az RMDSZ \u00e9s a magyar \u00e1llam hat\u00e1s\u00e1t a civil t\u00e1rsadalom m\u0171k\u00f6d\u00e9s\u00e9re, pontosabban, hogyan befoly\u00e1solja a magyar \u00e1llam \u00e9s a rom\u00e1niai magyar politikai elit t\u00e1mogat\u00e1spolitik\u00e1ja a rom\u00e1niai magyar civil t\u00e1rsadalom m\u0171k\u00f6d\u00e9s\u00e9t, a demokr\u00e1cia er\u0151s\u00f6d\u00e9s\u00e9t vagy gyeng\u00fcl\u00e9s\u00e9t, tov\u00e1bb\u00e1 azt is elemezni szeretn\u00e9nk, hogy mennyire hat\u00e9kony \u00e9s k\u00f6z\u00f6ss\u00e9gfejleszt\u0151 v\u00e1laszokat tal\u00e1l a kih\u00edv\u00e1sokra a rom\u00e1niai magyar civil t\u00e1rsadalom.<\/p>\n","protected":false},"excerpt":{"rendered":"<p>A &#8220;Civil vs. Civil&#8221; program c\u00e9lja felt\u00e1rni \u00e9s elemezni, hogy milyen m\u00e9rt\u00e9kben j\u00e1rul hozz\u00e1 a rom\u00e1niai magyar civil t\u00e1rsadalom a rom\u00e1niai magyar k\u00f6z\u00f6ss\u00e9g meger\u0151s\u00f6d\u00e9s\u00e9hez \u00e9s \u00e1ltal\u00e1ban a rom\u00e1niai t\u00e1rsadalom demokratiz\u00e1l\u00f3d\u00e1s\u00e1hoz. A Civil vs. Civil program els\u0151 f\u00e1zis\u00e1ban civil szervezeti tev\u00e9kenys\u00e9geket, projekteket, civil mozgalmakat, akci\u00f3csoportokat, k\u00f6z\u00f6ss\u00e9gfejleszt\u00e9si kezdem\u00e9nyez\u00e9seket szeretn\u00e9nk elemezni azzal a c\u00e9llal, hogy megvizsg\u00e1ljuk, hogy ezek [&hellip;]<\/p>\n","protected":false},"author":1,"featured_media":0,"parent":0,"menu_order":0,"comment_status":"closed","ping_status":"closed","template":"","meta":{"_uag_custom_page_level_css":"","footnotes":""},"class_list":["post-234","page","type-page","status-publish","hentry"],"yoast_head":"<!-- This site is optimized with the Yoast SEO plugin v22.3 - https:\/\/yoast.com\/wordpress\/plugins\/seo\/ -->\n<title>&quot;Civil versus Civil&quot; program - Concerned Citizens csoport<\/title>\n<meta name=\"robots\" content=\"index, follow, max-snippet:-1, max-image-preview:large, max-video-preview:-1\" \/>\n<link rel=\"canonical\" href=\"https:\/\/concernedcitizens.ro\/?page_id=234\" \/>\n<meta property=\"og:locale\" content=\"en_US\" \/>\n<meta property=\"og:type\" content=\"article\" \/>\n<meta property=\"og:title\" content=\"&quot;Civil versus Civil&quot; program - Concerned Citizens csoport\" \/>\n<meta property=\"og:description\" content=\"A &#8220;Civil vs. Civil&#8221; program c\u00e9lja felt\u00e1rni \u00e9s elemezni, hogy milyen m\u00e9rt\u00e9kben j\u00e1rul hozz\u00e1 a rom\u00e1niai magyar civil t\u00e1rsadalom a rom\u00e1niai magyar k\u00f6z\u00f6ss\u00e9g meger\u0151s\u00f6d\u00e9s\u00e9hez \u00e9s \u00e1ltal\u00e1ban a rom\u00e1niai t\u00e1rsadalom demokratiz\u00e1l\u00f3d\u00e1s\u00e1hoz. A Civil vs. Civil program els\u0151 f\u00e1zis\u00e1ban civil szervezeti tev\u00e9kenys\u00e9geket, projekteket, civil mozgalmakat, akci\u00f3csoportokat, k\u00f6z\u00f6ss\u00e9gfejleszt\u00e9si kezdem\u00e9nyez\u00e9seket szeretn\u00e9nk elemezni azzal a c\u00e9llal, hogy megvizsg\u00e1ljuk, hogy ezek [&hellip;]\" \/>\n<meta property=\"og:url\" content=\"https:\/\/concernedcitizens.ro\/?page_id=234\" \/>\n<meta property=\"og:site_name\" content=\"Concerned Citizens csoport\" \/>\n<meta property=\"article:modified_time\" content=\"2024-03-13T19:32:24+00:00\" \/>\n<meta name=\"twitter:card\" content=\"summary_large_image\" \/>\n<meta name=\"twitter:label1\" content=\"Est. reading time\" \/>\n\t<meta name=\"twitter:data1\" content=\"2 minutes\" \/>\n<!-- \/ Yoast SEO plugin. -->","yoast_head_json":{"title":"\"Civil versus Civil\" program - Concerned Citizens csoport","robots":{"index":"index","follow":"follow","max-snippet":"max-snippet:-1","max-image-preview":"max-image-preview:large","max-video-preview":"max-video-preview:-1"},"canonical":"https:\/\/concernedcitizens.ro\/?page_id=234","og_locale":"en_US","og_type":"article","og_title":"\"Civil versus Civil\" program - Concerned Citizens csoport","og_description":"A &#8220;Civil vs. Civil&#8221; program c\u00e9lja felt\u00e1rni \u00e9s elemezni, hogy milyen m\u00e9rt\u00e9kben j\u00e1rul hozz\u00e1 a rom\u00e1niai magyar civil t\u00e1rsadalom a rom\u00e1niai magyar k\u00f6z\u00f6ss\u00e9g meger\u0151s\u00f6d\u00e9s\u00e9hez \u00e9s \u00e1ltal\u00e1ban a rom\u00e1niai t\u00e1rsadalom demokratiz\u00e1l\u00f3d\u00e1s\u00e1hoz. A Civil vs. Civil program els\u0151 f\u00e1zis\u00e1ban civil szervezeti tev\u00e9kenys\u00e9geket, projekteket, civil mozgalmakat, akci\u00f3csoportokat, k\u00f6z\u00f6ss\u00e9gfejleszt\u00e9si kezdem\u00e9nyez\u00e9seket szeretn\u00e9nk elemezni azzal a c\u00e9llal, hogy megvizsg\u00e1ljuk, hogy ezek [&hellip;]","og_url":"https:\/\/concernedcitizens.ro\/?page_id=234","og_site_name":"Concerned Citizens csoport","article_modified_time":"2024-03-13T19:32:24+00:00","twitter_card":"summary_large_image","twitter_misc":{"Est. reading time":"2 minutes"},"schema":{"@context":"https:\/\/schema.org","@graph":[{"@type":"WebPage","@id":"https:\/\/concernedcitizens.ro\/?page_id=234","url":"https:\/\/concernedcitizens.ro\/?page_id=234","name":"\"Civil versus Civil\" program - Concerned Citizens csoport","isPartOf":{"@id":"https:\/\/concernedcitizens.ro\/#website"},"datePublished":"2024-01-14T12:48:00+00:00","dateModified":"2024-03-13T19:32:24+00:00","breadcrumb":{"@id":"https:\/\/concernedcitizens.ro\/?page_id=234#breadcrumb"},"inLanguage":"en-US","potentialAction":[{"@type":"ReadAction","target":["https:\/\/concernedcitizens.ro\/?page_id=234"]}]},{"@type":"BreadcrumbList","@id":"https:\/\/concernedcitizens.ro\/?page_id=234#breadcrumb","itemListElement":[{"@type":"ListItem","position":1,"name":"Home","item":"https:\/\/concernedcitizens.ro\/"},{"@type":"ListItem","position":2,"name":"&#8220;Civil versus Civil&#8221; program"}]},{"@type":"WebSite","@id":"https:\/\/concernedcitizens.ro\/#website","url":"https:\/\/concernedcitizens.ro\/","name":"Concerned Citizens csoport","description":"","publisher":{"@id":"https:\/\/concernedcitizens.ro\/#organization"},"potentialAction":[{"@type":"SearchAction","target":{"@type":"EntryPoint","urlTemplate":"https:\/\/concernedcitizens.ro\/?s={search_term_string}"},"query-input":"required name=search_term_string"}],"inLanguage":"en-US"},{"@type":"Organization","@id":"https:\/\/concernedcitizens.ro\/#organization","name":"Concerned Citizens csoport","url":"https:\/\/concernedcitizens.ro\/","logo":{"@type":"ImageObject","inLanguage":"en-US","@id":"https:\/\/concernedcitizens.ro\/#\/schema\/logo\/image\/","url":"https:\/\/concernedcitizens.ro\/wp-content\/uploads\/2024\/02\/concerned_citizens-1.webp","contentUrl":"https:\/\/concernedcitizens.ro\/wp-content\/uploads\/2024\/02\/concerned_citizens-1.webp","width":589,"height":616,"caption":"Concerned Citizens csoport"},"image":{"@id":"https:\/\/concernedcitizens.ro\/#\/schema\/logo\/image\/"}}]}},"uagb_featured_image_src":{"full":false,"thumbnail":false,"medium":false,"medium_large":false,"large":false,"1536x1536":false,"2048x2048":false},"uagb_author_info":{"display_name":"Concerned Citizens","author_link":"https:\/\/concernedcitizens.ro\/?author=1"},"uagb_comment_info":0,"uagb_excerpt":"A &#8220;Civil vs. Civil&#8221; program c\u00e9lja felt\u00e1rni \u00e9s elemezni, hogy milyen m\u00e9rt\u00e9kben j\u00e1rul hozz\u00e1 a rom\u00e1niai magyar civil t\u00e1rsadalom a rom\u00e1niai magyar k\u00f6z\u00f6ss\u00e9g meger\u0151s\u00f6d\u00e9s\u00e9hez \u00e9s \u00e1ltal\u00e1ban a rom\u00e1niai t\u00e1rsadalom demokratiz\u00e1l\u00f3d\u00e1s\u00e1hoz. A Civil vs. Civil program els\u0151 f\u00e1zis\u00e1ban civil szervezeti tev\u00e9kenys\u00e9geket, projekteket, civil mozgalmakat, akci\u00f3csoportokat, k\u00f6z\u00f6ss\u00e9gfejleszt\u00e9si kezdem\u00e9nyez\u00e9seket szeretn\u00e9nk elemezni azzal a c\u00e9llal, hogy megvizsg\u00e1ljuk, hogy ezek&hellip;","_links":{"self":[{"href":"https:\/\/concernedcitizens.ro\/index.php?rest_route=\/wp\/v2\/pages\/234","targetHints":{"allow":["GET"]}}],"collection":[{"href":"https:\/\/concernedcitizens.ro\/index.php?rest_route=\/wp\/v2\/pages"}],"about":[{"href":"https:\/\/concernedcitizens.ro\/index.php?rest_route=\/wp\/v2\/types\/page"}],"author":[{"embeddable":true,"href":"https:\/\/concernedcitizens.ro\/index.php?rest_route=\/wp\/v2\/users\/1"}],"replies":[{"embeddable":true,"href":"https:\/\/concernedcitizens.ro\/index.php?rest_route=%2Fwp%2Fv2%2Fcomments&post=234"}],"version-history":[{"count":12,"href":"https:\/\/concernedcitizens.ro\/index.php?rest_route=\/wp\/v2\/pages\/234\/revisions"}],"predecessor-version":[{"id":5717,"href":"https:\/\/concernedcitizens.ro\/index.php?rest_route=\/wp\/v2\/pages\/234\/revisions\/5717"}],"wp:attachment":[{"href":"https:\/\/concernedcitizens.ro\/index.php?rest_route=%2Fwp%2Fv2%2Fmedia&parent=234"}],"curies":[{"name":"wp","href":"https:\/\/api.w.org\/{rel}","templated":true}]}}

<p>A &#8220;Civil vs. Civil&#8221; program célja feltárni és elemezni, hogy milyen mértékben járul hozzá a romániai magyar civil társadalom a romániai magyar közösség megerősödéséhez és általában a romániai társadalom demokratizálódásához.</p>



<p>A Civil vs. Civil program első fázisában civil szervezeti tevékenységeket, projekteket, civil mozgalmakat, akciócsoportokat, közösségfejlesztési kezdeményezéseket szeretnénk elemezni azzal a céllal, hogy megvizsgáljuk, hogy ezek a civil kezdeményezések (akár finanszírozott, akár önerőből megvalósított projektek) erősítik vagy gyengítik a romániai magyar közösség demokratizálódási folyamatait és a romániai magyar politikai elit demokratizálódását.</p>



<p>Elemzéseink nem hagyhatják figyelmen kívül, hogy a romániai magyar civil társadalom óriási forráshiánnyal küzd, és nagyon erős függőségi viszonyban működik: egyrészt a magyar állam által biztosított forrásoktól, másrészt az RMDSZ által menedzselt Communitas Alapítvány forrásaitól függ. Az európai uniós projektekhez való hozzáférés elsősorban azoknak a civil szervezeteknek biztosít forrásokat, amelyek intézményesítetten működnek, rendelkeznek egy relatív stabil pénzügyi és infrastrukturális háttérrel.</p>



<p>A program keretén belül azt is elemezni fogjuk, hogy kisebbségvédelmi és kisebbségi jogérvényesítés és érdekérvényesítés, női és gyermekjogok védelme, fenntartható fejlődés terén milyen politikafüggetlen, grassroots jellegű közösségi projektek zajlanak, a különböző típusú jogvédő és fenntartható fejlődést célzó civil szerezetek milyen jellegű kapcsolatban állnak a romániai magyar politikai elittel, és milyen érdekérvényesítő erővel rendelkeznek a romániai közpolitikai intézményekben, és milyen nemzetközi érdekérvényesítő projekteket kiviteleznek.</p>



<p>Ezekre az elemzésekre azért van szükség, mert a romániai magyar közösség Európa egyik legnagyobb kisebbségi közössége, és a közösség jövőjét erőteljesen meghatározza a helyi, országos és nemzetközi érdekérvényesítő ereje. Jelenleg a romániai magyar közösség a kisebbségi közösségek palettáján egy aránylag láthatatlan helyet foglal el, a közösségben egy erős marginalizálódási folyamat indult el. Szeretnénk megérteni ennek okát, és az esetleges változás lehetőségeit modellezni az emberi jogok és a fenntartható fejlődés szempontjából.</p>



<p>A program későbbi szakaszában elemezni fogjuk az RMDSZ és a magyar állam hatását a civil társadalom működésére, pontosabban, hogyan befolyásolja a magyar állam és a romániai magyar politikai elit támogatáspolitikája a romániai magyar civil társadalom működését, a demokrácia erősödését vagy gyengülését, továbbá azt is elemezni szeretnénk, hogy mennyire hatékony és közösségfejlesztő válaszokat talál a kihívásokra a romániai magyar civil társadalom.</p>

<p>A &#8220;Civil vs. Civil&#8221; program célja feltárni és elemezni, hogy milyen mértékben járul hozzá a romániai magyar civil társadalom a romániai magyar közösség megerősödéséhez és általában a romániai társadalom demokratizálódásához. A Civil vs. Civil program első fázisában civil szervezeti tevékenységeket, projekteket, civil mozgalmakat, akciócsoportokat, közösségfejlesztési kezdeményezéseket szeretnénk elemezni azzal a céllal, hogy megvizsgáljuk, hogy ezek [&hellip;]</p>

<!-- This site is optimized with the Yoast SEO plugin v22.3 - https://yoast.com/wordpress/plugins/seo/ -->
<title>&quot;Civil versus Civil&quot; program - Concerned Citizens csoport</title>
<meta name="robots" content="index, follow, max-snippet:-1, max-image-preview:large, max-video-preview:-1" />
<link rel="canonical" href="https://concernedcitizens.ro/?page_id=234" />
<meta property="og:locale" content="en_US" />
<meta property="og:type" content="article" />
<meta property="og:title" content="&quot;Civil versus Civil&quot; program - Concerned Citizens csoport" />
<meta property="og:description" content="A &#8220;Civil vs. Civil&#8221; program célja feltárni és elemezni, hogy milyen mértékben járul hozzá a romániai magyar civil társadalom a romániai magyar közösség megerősödéséhez és általában a romániai társadalom demokratizálódásához. A Civil vs. Civil program első fázisában civil szervezeti tevékenységeket, projekteket, civil mozgalmakat, akciócsoportokat, közösségfejlesztési kezdeményezéseket szeretnénk elemezni azzal a céllal, hogy megvizsgáljuk, hogy ezek [&hellip;]" />
<meta property="og:url" content="https://concernedcitizens.ro/?page_id=234" />
<meta property="og:site_name" content="Concerned Citizens csoport" />
<meta property="article:modified_time" content="2024-03-13T19:32:24+00:00" />
<meta name="twitter:card" content="summary_large_image" />
<meta name="twitter:label1" content="Est. reading time" />
	<meta name="twitter:data1" content="2 minutes" />
<!-- / Yoast SEO plugin. -->

A &#8220;Civil vs. Civil&#8221; program célja feltárni és elemezni, hogy milyen mértékben járul hozzá a romániai magyar civil társadalom a romániai magyar közösség megerősödéséhez és általában a romániai társadalom demokratizálódásához. A Civil vs. Civil program első fázisában civil szervezeti tevékenységeket, projekteket, civil mozgalmakat, akciócsoportokat, közösségfejlesztési kezdeményezéseket szeretnénk elemezni azzal a céllal, hogy megvizsgáljuk, hogy ezek [&hellip;]

A &#8220;Civil vs. Civil&#8221; program célja feltárni és elemezni, hogy milyen mértékben járul hozzá a romániai magyar civil társadalom a romániai magyar közösség megerősödéséhez és általában a romániai társadalom demokratizálódásához. A Civil vs. Civil program első fázisában civil szervezeti tevékenységeket, projekteket, civil mozgalmakat, akciócsoportokat, közösségfejlesztési kezdeményezéseket szeretnénk elemezni azzal a céllal, hogy megvizsgáljuk, hogy ezek&hellip;
